 - 28. What is the units digit of g?
4
Let y(x) be the first derivative of x**4/4 + 11*x**3/3 + 4*x - 43. What is the hundreds digit of y(-4)?
1
Let j = -24 + 31. Suppose -j*q = -3*q. Suppose q = 8*n + 451 - 1643. What is the hundreds digit of n?
1
Suppose 11*y + 41*y = -17*y + 1499853. What is the units digit of y?
7
Suppose y + 111466 = 3*y + 2*p, 2*p - 167190 = -3*y. What is the units digit of y?
4
Let s(j) = 3*j**3 + 11*j**2 + 15*j + 6. Let c = -67 - -73. What is the tens digit of s(c)?
4
Let m be (-7)/(1 - 8) - (-153 - -1). What is the tens digit of 46*-2*(m/36 - 5)?
6
Let z = 4681 - 3130. Suppose -5*p + 4*l + z = 0, -4*l + 1559 = -2*p + 7*p. What is the hundreds digit of p?
3
Suppose 4*s = -4*z + 12, 0 = -2*s + 7*s - 2*z - 22. Suppose -7*c + 4*f + 18 = -2*c, -14 = -s*c + 3*f. What is the units digit of c?
2
Let y(t) = 20*t - 47*t + 24*t - 41 - 99*t. What is the units digit of y(-5)?
9
Suppose -n = 1, 3*y - 469 = 271*n - 270*n. What is the units digit of y?
6
What is the units digit of (11 + 14)/25 + -18*530/(-4)?
6
Let o(r) = -r**3 + 2*r**2 + 13*r + 618. Let b(a) = 5*a**2 - 59*a - 12. Let f be b(12). What is the units digit of o(f)?
8
Suppose -z + 13*z - 48 = 0. Suppose -z*y + 832 + 486 = 2*d, 5*y + d - 1649 = 0. What is the tens digit of y?
3
Suppose 3*i - 83*h + 84*h - 25517 = 0, 4*i - 34044 = 4*h. What is the hundreds digit of i?
5
Suppose 30 = 3*x - 8*x. Let d(o) = -o**3 - 8*o**2 - 8*o + 4. Let h be d(x). What is the units digit of ((-70)/h)/(2/12)?
1
Let k = -219 + 161. Let r = 179 - k. What is the hundreds digit of r?
2
Suppose 5*m + 59 = 149. Suppose 3*y = y - 4*d + 14, m = 4*y + 3*d. Suppose -8*t + 285 = -y*t. What is the tens digit of t?
5
Let v(d) = -1271*d - 5782. What is the hundreds digit of v(-27)?
5
Let i be 9/6 - 1/(-2). Suppose 0 = i*u - 248 + 46. Suppose -283 = -5*q + j, j + 11 = 2*q - u. What is the tens digit of q?
5
Suppose 5*d - 6879 = -b, -2*d - 6 + 6 = 0. What is the units digit of b?
9
Suppose -80*i + 83*i - 5*k - 63 = 0, 2*i - 3*k - 42 = 0. Suppose 0*l = -4*l. Suppose -13*a + 837 + i = l. What is the tens digit of a?
6
Suppose -5*m + 123973 = 4*j, -3*m - 5*j + 36403 = -37986. What is the tens digit of m?
9
Let p(v) = 52*v + 37. Let k be p(-8). Let g = -50 - k. What is the tens digit of g?
2
Let d(l) = -l**3 - 2*l**2 - 21*l + 2. Let b be d(-10). Suppose 8*i = 2156 + b. What is the tens digit of i?
9
Suppose 1120 = 8*r - 960. Suppose 791 = 3*i + 4*j, -6*i + 5*i + r = 5*j. What is the tens digit of i?
6
Let c(y) = 2182*y + 1269. What is the ten thousands digit of c(6)?
1
Let a be ((-120)/(-21))/4*7. What is the hundreds digit of (0 + a + 5)/(3/90)?
4
Let f(l) = -l + 28. Suppose 0*y + 5*y - 162 = -4*q, y + 2*q = 30. Suppose 8 = 2*w - y. What is the units digit of f(w)?
7
Let i be 26/7 - 2/(-7). Let u = 4496 + -4475. Suppose -289 = -i*r - u. What is the tens digit of r?
6
Let q(r) = 93*r**2 - 32*r + 40. What is the hundreds digit of q(13)?
3
What is the ten thousands digit of (-108 + 110)*(-1)/7 - (-272304)/14?
1
Let d(n) = n**2 + 53*n + 40. Let m be d(-11). Let q = m - -589. What is the tens digit of q?
6
Suppose 7*a + 40 = 12*a. Suppose 0 = -4*t + 8*t - a, 3*t = 3*k - 399. What is the tens digit of k?
3
Let l(v) = 9*v + 11. Let u be l(2). Suppose 0 = u*i - 32*i + 6. What is the units digit of i/8 + 9170/56?
4
Let u = 18085 - 11972. What is the hundreds digit of u?
1
Let a = -234 - -226. Let w(t) = 10*t**2 + 27*t + 12. What is the hundreds digit of w(a)?
4
Let d(q) be the first derivative of q**3/3 - 4*q**2 - 12*q - 6. Let j be d(10). Let w(n) = n**2 + n + 7. What is the units digit of w(j)?
9
Let y = 53 + -51. What is the units digit of (3*y/(-3))/((-25)/10275)?
2
Let w(q) = -17*q + 18. Let s be w(-5). Suppose -s = z - 541. What is the units digit of z/15 - 4/20?
9
What is the tens digit of (1122/(-357))/(1/(-6846))?
1
Let n(j) = 2*j**3 + 14*j**2 + 100*j - 20. Let p be n(-7). Suppose -5*i - d + 2401 = -10*i, -2*d = 8. Let o = i - p. What is the tens digit of o?
3
Let b(r) = 6*r - 3. Let o be b(7). Let g = 145 - o. What is the tens digit of g?
0
Let p(j) = -j**3 + 4*j**2 + 4*j + 8. Let u be p(5). Suppose -5*g = -2*g - u. Let o(m) = 27*m**2 - 2*m + 2. What is the tens digit of o(g)?
2
Let x(r) = 36*r**2 + 70*r + 191. What is the units digit of x(-23)?
5
Let q(a) = 5*a**3 + 4*a**2 - 7*a. Suppose -40 - 8 = -12*k. What is the units digit of q(k)?
6
Let l = 19 + -44. Let j be (-12)/20 + (-1090)/l. Let t = j + -28. What is the tens digit of t?
1
Let p = -525 - -525. Suppose p*w - 4*w = 12, 3759 = 5*z - 3*w. What is the tens digit of z?
5
Let s = 128800 - 62706. What is the hundreds digit of s?
0
Suppose -4*t + 30221 = 5*g, 36*t - 34*t = -3*g + 18133. What is the hundreds digit of g?
0
Let z(n) = -136*n**3 - 22*n**2 - 31*n - 1. What is the ten thousands digit of z(-5)?
1
Suppose -8*i + 681 = -5*i. Suppose 4*x - i = -35. Let r = 11 + x. What is the tens digit of r?
5
What is the hundreds digit of (-838656)/(-105) + (0 + 2)/(-10)?
9
Let b(x) = x**3 - 13*x**2 + 28*x - 16. Let l be b(11). Suppose -h + l = 38. What is the tens digit of h?
1
Let t = -26 + 170. Let w be 2/(-5) - t/15. What is the tens digit of w - -75 - 6/(-2)?
6
Suppose 2*w - 5*a = 41, -2*a + 13 = 4*w - 9. Suppose 13 = -w*o + 29. Suppose -o*g + 2*s = -194, -3*g - 5*s = 45 - 344. What is the tens digit of g?
9
Let i(d) = 656*d**2 + 128*d + 124. What is the hundreds digit of i(6)?
5
Suppose 0 = -5*k + 5, -2*b - 10311 = 4*k - 53515. What is the units digit of b?
0
What is the units digit of (1152300/250)/(2/20)?
2
Let o = 211 - -289. What is the tens digit of (o/(-625))/((1/50)/(-1))?
4
Let n(f) = f**3 + 8*f**2 + 4*f + 1. Let l be n(-6). Suppose 3*j + 5*d + 117 = 0, 2*j - 2*d = 16 - 110. Let m = l - j. What is the tens digit of m?
9
Suppose 2*g = -3*w + 92673, 2*w + 426*g - 61792 = 423*g. What is the ten thousands digit of w?
3
Let r be 2/4 - (744447/(-6))/11. Suppose 45*f = 37*f + r. What is the hundreds digit of f?
4
Let a = -3472 - -6767. What is the hundreds digit of a?
2
Suppose 3*z - 14 = 10. Suppose -7*g + z = -3*g. What is the units digit of g?
2
Let l = 64618 + -14364. What is the thousands digit of l?
0
Let u(t) = -t + 4. Let n be u(0). Let l = 7295 - 7140. Suppose -n*j + l = 19. What is the units digit of j?
4
Suppose 4*p + 55 = 31. What is the hundreds digit of (0 + 94/p)/(1/(-51))?
7
Let r(t) = -7*t + 51. Let o be r(7). Suppose 0 = -2*u + 2*p - 216, 0*p + o*p = -u - 93. Let y = 30 - u. What is the hundreds digit of y?
1
Suppose -4*b = -7*b - 21. Let a(r) = -82*r - 7. Let j be a(b). What is the tens digit of j/7 - (-1 - -1)?
8
What is the units digit of -8 + (-14 + 713 - 6)?
5
Suppose 189452 = -39*f + 42*f - 5*p, 189436 = 3*f - p. What is the tens digit of f?
4
Let o be 12/(-15)*(-1 - 34). Let z = 70 - o. Suppose -2*f - z = -96. What is the tens digit of f?
2
Let x = 10227 + -6464. What is the units digit of x?
3
Let k(a) be the first derivative of 7*a**3/3 - 9*a**2 - 6*a + 37. What is the tens digit of k(9)?
9
Let f = 1878 + -1868. Let t(h) = -5*h**3 - 44*h**2 + 95*h. Let i(m) = 3*m**3 + 29*m**2 - 63*m. Let z(p) = -8*i(p) - 5*t(p). What is the tens digit of z(f)?
9
Let o(m) = 7*m**3 - 2*m**2 + 6*m + 1. Let p be o(-3). Let k = p + 410. What is the hundreds digit of k?
1
Let d be 5/((5 - 11)/(-6)). Suppose d*o - 3 = 2, 3*o - 163 = -5*z. What is the tens digit of z?
3
Suppose 198628 = 97*b - 797271. What is the hundreds digit of b?
2
Let x(y) = -143*y - 90. What is the tens digit of x(-37)?
0
What is the tens digit of 6 - ((-97710)/45 + 6/(-9))?
7
Let b = 39 + -28. Let d be 0 + -1 - (5 - b). Suppose g - d*g = -44. What is the tens digit of g?
1
Let o(x) = 3*x**3 + 6*x**2 - x - 17. Suppose 7*p + 7*p - 56 = 0. What is the units digit of o(p)?
7
Suppose 7*v + 75976 = 11*v - 2*g, -5*g + 57008 = 3*v. What is the units digit of v?
6
Suppose -3*r = -h - 2*h + 165, 0 = 4*h - 2*r - 226. Let d(g) = -g - h*g**2 + 32*g**2 + 25*g**2 + 3. What is the units digit of d(0)?
3
Suppose 95*j - 1221033 - 869917 = 0. What is the units digit of j?
0
Suppose 352*i + 19*i = 2579192. What is the tens digit of i?
5
Let s(o) = 17*o**3 - 3*o**2 - 8*o - 4. Let y be s(-2). What is the tens digit of (-10978)/(-34) + (-16)/y?
2
Let f(r) = 7*r**3 + 10*r**2 + 9*r - 6. Let j(g) = -g**3